(n) = g*y(n) - 6*f(n). Calculate a(-6).
2
Suppose 3*v + 40 = -2*k - 2*k, 0 = 2*v + 3*k + 28. Let i(x) = x**2 + 6*x - 18. Determine i(v).
-2
Let i(n) = -n**2 - 9*n + 2. Let b be i(-8). Suppose -3*h - 2*h = -b. Let w(p) = h - p**2 + 0*p**2 - 2. Calculate w(0).
0
Let r = -6 - -6. Suppose -g + 1 + 8 = r. Let y = g - 9. Let h(t) = -t**2 + t - 10. Determine h(y).
-10
Let l(v) = v**3 + v**2 - 2*v. Let g(y) = -y**3 - 2*y**2 + 2*y. Let p(n) = -4*g(n) - 5*l(n). Calculate p(3).
6
Suppose -4*i + 22 = 2*b - 2, -9 = -2*b - i. Let s(u) be the third derivative of -1/120*u**6 + u**3 + u**b + 0*u - 1/20*u**5 + 5/24*u**4 + 0. Determine s(-4).
2
Let g(p) be the first derivative of 2 - 5*p + 0*p**2 + 5/3*p**3 + 1/4*p**4. Let r be (-18)/(-63) + 37/(-7). Calculate g(r).
-5
Let s(u) = -u**3 + u - 1. Suppose -10 = 3*a + 2*a, 2*r + 2 = -5*a. Let m(c) = c**3 - 4*c**2 + 0*c**2 + 0*c**3. Let g be m(r). Calculate s(g).
-1
Let g(o) = -2*o - 3*o + o - 1. Let d(i) = -i**2 + 8*i + 2. Let s be d(0). Calculate g(s).
-9
Let m = 15 + -11. Suppose 5*a + m*x - 8 = 0, -2*x = -a - 2*a - 4. Let v(u) = u - 5. Give v(a).
-5
Let q(j) be the third derivative of j**6/360 + j**5/40 + j**4/12 - j**3 - 6*j**2. Let y(i) be the first derivative of q(i). Suppose 5*z - z = -12. Give y(z).
2
Let c(u) = 7*u + 1. Let y(h) = 15*h + 2. Let w(p) = -5*c(p) + 2*y(p). Give w(-1).
4
Suppose -6*n = -n - 30. Let i(v) = n + v + 0*v - 4 - 2*v. Determine i(-2).
4
Let y(n) = -5*n**3 - 8*n**2 - 8*n - 5. Let l(b) = -2*b**3 - 4*b**2 - 4*b - 2. Let o(c) = 7*l(c) - 3*y(c). What is o(5)?
6
Let n(r) = -2*r - 1. Let z be n(-2). Let b = -37 + 79. Let y(p) = 1 - 43*p - 2 + b*p. Determine y(z).
-4
Let j be 3/(-2)*(1 - -3). Let w be 1/(((-8)/j)/4). Let x(p) = 0*p**3 + w - 3 + 2*p - p**3 - 1. What is x(2)?
-5
Let j(b) = -4*b + 5 - 2 - b**3 - b**2 - b**2 - 6. Let u = 2 + 10. Suppose -r + 6*r = -f - 27, u = -f - 2*r. Determine j(f).
5
Let p(r) = r - 1. Suppose 2 = w + 4*o + 20, 0 = -w + 2*o. Let k = -4 - w. What is p(k)?
1
Let z be ((-8)/(-14))/(12/42). Let x(o) = -o**3 + 5*o**2 - 3*o. Give x(z).
6
Let s(l) be the third derivative of -l**5/120 + l**4/4 - 2*l**3/3 - 3*l**2. Let k(c) be the first derivative of s(c). Calculate k(-6).
12
Let n(j) = -j**3 + 4*j**2 + 1. Let a(g) = -g - 1. Let t be a(-1). Let m = -4 + t. Let p = m - -8. Determine n(p).
1
Suppose 0 - 12 = 2*b. Let q(t) = t**3 + 7*t**2 + 5*t + 1. Determine q(b).
7
Let y(q) be the second derivative of -q**3/3 + 7*q**2/2 + q - 1. Calculate y(5).
-3
Let d = -2 - 0. Let x(u) = -u**3 - u**2. Let k(c) = -c**3 + 2*c**2 + 1. Let t(r) = d*x(r) - k(r). Determine t(-1).
-4
Let d(s) = 0 - 1 + s**2 + 2*s - 3*s - 5*s. Calculate d(7).
6
Let i(j) = 3*j**2 - 2*j + 1. Let n be i(1). Suppose 3 = g - n*s + 2, -5 = -5*g + 3*s. Let q(f) be the first derivative of -f**2/2 + f - 7. What is q(g)?
0
Let o(f) = -f**2 + 16*f + 14. Let y be o(17). Let w(g) = g**3 + 3*g**2 + 4. What is w(y)?
4
Let a(l) = 7*l**3 - l**2 + 4*l. Let o(u) = u**3 - u**2 + u + 1. Let b(i) = a(i) - 6*o(i). Calculate b(-5).
4
Let p(c) = 6*c - 3. Suppose -3*n + 4*s + 8 = -n, 0 = -3*n + 4*s + 16. Suppose 5*m = 2 + n. What is p(m)?
9
Suppose 10 = -53*q + 48*q. Let j(p) = p**2 - p + 2. What is j(q)?
8
Let n(s) = 5*s**2 + 3*s + 1. Let t be 5/2*(-4)/(-5). Let g(w) = 8*w**2 + 7*w**2 - 2*w - 4*w**t + 3 + 8*w. Let b(i) = 6*g(i) - 13*n(i). Determine b(4).
9
Let m(w) be the third derivative of w**5/60 + w**4/4 - 5*w**3/6 - 11*w**2. Give m(-6).
-5
Let b(u) = u**3 - 6*u**2 - 12*u + 39. Let n be b(7). Let p(g) = -g**2 + 3*g + 5. Calculate p(n).
1
Let y(t) = -3*t**3 + 5*t**2 - 3*t + 1. Let u(i) = 10*i**3 - 16*i**2 + 9*i - 2. Let l(b) = 2*u(b) + 7*y(b). Determine l(3).
-6
Suppose 12 = 3*l - 3*c, 4*l - 2*c - c = 15. Let b = 3 - l. Let j(r) = -r**2 + 4. Give j(b).
4
Let s(z) = z**2 + 5*z + 6. Let m(a) = 5*a + 1. Let k be m(-1). Let b = k - -7. Let x(n) = -2*n**2 + 5*n - 2. Let p be x(b). What is s(p)?
6
Suppose 0 = -3*g + 5*g + 8. Let k = 1 - g. Let h(t) = -t**2 + 6*t - 7. Calculate h(k).
-2
Let k(c) = c**2 - 5*c - 4. Let f be k(6). Let s(r) = -r**3 + 3 + 4*r**f + r - 4*r - r. What is s(2)?
3
Let y(a) = -a**2 + 6*a - 6. Suppose 32*q - 6*q = 104. Give y(q).
2
Let h(a) = 13*a + 7. Let z(u) = -11*u - 8. Let t(c) = -3*h(c) - 4*z(c). Give t(-8).
-29
Let v(p) = 11*p - 1. Let x(b) = -20*b + 2. Let j(g) = 11*v(g) + 6*x(g). What is j(5)?
6
Suppose 5*t = 2 - 22. Let x(b) be the third derivative of b**6/120 + b**5/12 + b**4/24 + b**3/3 + 14*b**2. Determine x(t).
14
Let b = 23 + -12. Suppose 31 = -3*u - b. Let l = -10 - u. Let o(c) = c - 1. Calculate o(l).
3
Let a(r) be the second derivative of 7*r**3/3 + r**2/2 + 15*r. Determine a(-1).
-13
Let n = 11 + -14. Let y(z) = z - 2. Calculate y(n).
-5
Let g(p) = p**3 - 4*p**2 + 3*p - 4. Let b be 1/(((-2)/(-6))/1). Let x(o) = o + 1. Let i be x(b). What is g(i)?
8
Let s(f) = f**3 + f. Let x be s(0). Suppose -a + 3 = -2*u - x, -a + 3 = u. Let l(z) = z**3 + 4*z**2 + 17*z - 8*z**2 - 1 - 14*z. Determine l(a).
-1
Let n be 51/4 - (-1)/4. Suppose -v + 4*z - z = n, -5*v + 4*z = 32. Let h(r) = 2*r**2 + 5*r - 4. Determine h(v).
8
Suppose 0*q + 15 = -5*q. Let z(r) = -r. Let i(g) = 1. Let l = 2 - 1. Let w(c) = l*z(c) + 4*i(c). Give w(q).
7
Let x(z) = z**2 - 9*z + 25. Let q be x(6). Let s(m) = -m**2 + 9*m - 6. Give s(q).
8
Let k(h) = h**2. Let o(b) = -5*b**2 - 3*b. Let g(x) = -4*k(x) - o(x). Suppose -4*z - 5 = 3. What is g(z)?
-2
Let s(d) = 5*d**3 - 5*d**2 - d - 2. Let j(k) = k**3 + k. Let f be (-12)/(-18) + (-2)/(-6). Let z(c) = f*s(c) - 4*j(c). Suppose 18 = -3*p + 6*p. Determine z(p).
4
Let r(n) = n**3 - n**2 + n - 2. Let h be r(2). Suppose -3 = -z + h*o, 3*o = -4*z - 2*o + 12. Let x(i) = -2*i**2 - 13*i - 3 + 2 + 17*i + 2. Calculate x(z).
-5
Suppose -d + 6*d - 10 = 0. Suppose 2*b = 5*v, d*b = -b - 4*v. Let a(q) = b*q + 3*q + 3 - 2*q. Determine a(5).
8
Suppose -5*z = 14 + 1. Suppose -15 = -4*k + 1. Let o = z + k. Let y(t) = -4*t**2 - t. Determine y(o).
-5
Let n(o) = 5*o**2 + o + 2*o - 1 + o**3 - 2 - o. Suppose 4*d + 2*h = -22, 0 = -5*h - 12 - 3. What is n(d)?
5
Let x(c) be the first derivative of 7*c**2/2 - c - 32. Give x(1).
6
Let a(m) = -m**3 - 6*m**2 - 3*m + 6. Let l(j) = -4*j - 1. Suppose 0 = 6*w - 2*w - 20. Let n = -4 + w. Let s be l(n). Calculate a(s).
-4
Let a(g) = -7 - 3*g**2 + g**2 + 6*g + g**2. Let l(f) = -f + 3. Let w be l(-2). Give a(w).
-2
Let s = 10 + -5. Let x(r) = r**3 - 4*r**2 - 6*r + 5. Determine x(s).
0
Let x(i) = -i**3 + 4. Let g be x(0). Suppose 0 + 4 = g*b. Let c(d) = -1 - 5 - d + 1 + b. What is c(-3)?
-1
Let y be (4 + -6)/(4/10). Let u(z) be the first derivative of 2 - 5/2*z**2 - 3*z - 1/3*z**3. Give u(y).
-3
Let q(z) = z + 5 + 3 - 1 - 5. Suppose 0 = 3*f - 5 - 10. Calculate q(f).
7
Suppose 5*n = 7 + 8. Let c = 7 + -5. Let u(s) = 3 + 0*s**2 + 7*s**3 - 6*s**3 - 5*s**2 + c*s. Calculate u(n).
-9
Suppose 0 = -x + 3*x + 3*t + 11, 4 = -3*x - 2*t. Let q(w) = 2 + w**2 - w**3 + x*w**2 + 5*w + w**2. Suppose -2*p - 3*p = -z - 25, 0 = z. Calculate q(p).
2
Suppose -2*z = -6*z. Let j(g) = g - 7. What is j(z)?
-7
Let i be 15/(-6)*8/(-10). Let j be 1/((-2)/(-16)*i). Suppose -4*k = -2*k + 4*y - j, -10 = 2*k - 3*y. Let p(n) = -4*n**2 - 4*n - 2. Calculate p(k).
-10
Let q(a) = -1. Let n(b) = -b - 3. Let o(d) = -4*n(d) + 11*q(d). Determine o(-4).
-15
Let p(d) = d**3 + 5*d**2 - 7*d - 1. Let l = 23 + -29. Give p(l).
5
Let g(l) = -4*l**2 - l - 2. Let t(h) = 5*h**2 + h + 3. Let z(d) = -3*g(d) - 2*t(d). Give z(1).
3
Let p(q) be the second derivative of q**4/12 + 7*q**3/6 + 5*q**2/2 + q - 5. Suppose -a + b = 0, -a = a + 4*b + 30. Calculate p(a).
-5
Let w(j) = j + 2 - 2 - 1. Let f(b) = -b - 5. Let g be f(-10). Give w(g).
4
Let m(t) = t**3 - 7*t**2 + 7*t - 3. Let y be m(6). Let s(x) = 2 - 1 + 0 - y - x. What is s(3)?
-5
Let n(m) = 3*m. Let k(t) = 4*t. Let c(l) = 4*k(l) - 5*n(l). Determine c(4).
4
Let n(o) be the third derivative of o**6/120 - 3*o**5/20 - 3*o**4/8 - 5*o**3/3 - 19*o**2. What is n(10)?
0
Let j(i) = -i + 2*i - 18 + 10. Give j(6).
-2
Let h(t) = 32*t**2 + 2*t - 12. Let f(r) = 16*r**2 + r - 5. Let x(u) = 5*f(u) - 2*h(u). Calculate x(1).
16
Let c(f) = -5*f + 19. Let u be c(3). Let z(t) = t**2 - 8*t + 5. Determine z(u).
-11
Let v(n) = n**2 - 6*n + 2. Let c be v(6). Suppose -5*f + c*f - 9 = 0. Let m(y) = -y**3 - 2*y**2 